.
5, 41
Let i(d) be the second derivative of 5*d**3 + 0 + 5/2*d**2 - 12*d. What are the prime factors of i(2)?
5, 13
Suppose -10*n + 8*n = -1500. Suppose 2*u = 8*u - n. Suppose -13 = -s + u. What are the prime factors of s?
2, 3, 23
Let x = 85 + -83. Suppose x*l - f = 3, -6*l + l - 5*f = -15. Suppose -3*u = 4*s - 64 - 568, 0 = l*s - 4. What are the prime factors of u?
2, 13
Suppose -6*j + 3*j + 165 = 3*a, -49 = -j - 4*a. Suppose j*r + 11136 = 65*r. List the prime factors of r.
2, 3, 29
Suppose -6 = 5*w + 9. Let r(d) = 65*d**2 - 3*d - 20. List the prime factors of r(w).
2, 7, 41
Let o be (-4)/((-8)/6) + 0/3. Suppose 578 = 2*h - 4*y, -o*h - 2*y = -780 - 55. Let f = h - 177. What are the prime factors of f?
2, 13
Suppose -4*j + 61897 = 3*t, 4*t = -j + 6492 + 8992. List the prime factors of j.
2, 967
Let h = 1353 - 496. Let g = -596 + h. List the prime factors of g.
3, 29
Suppose -5*c - j + 430784 = 0, -388*c - 344623 = -392*c - 5*j. List the prime factors of c.
3, 3191
Suppose -24*j = 66 - 18. List the prime factors of (j + (-1254)/(-18))*3.
7, 29
Suppose 2*i - 5*b - 7 = 0, 3*i + 2 = 2*b + 18. Suppose -q = -5*l - 2568, 6*q = 8*q - i. Let g = l - -744. What are the prime factors of g?
3, 7, 11
Let l = 94455 - 63938. What are the prime factors of l?
30517
Suppose 251 + 616 = k - s, 4*s = -3*k + 2580. Suppose 7*f = -2*l + 2*f + k, 0 = 4*l - 3*f - 1754. Let v = l - 224. List the prime factors of v.
3, 71
Suppose 0 = 5*c - 2*c - 48. Suppose -c = -5*j - 4*v, -v + 16 = 4*j + 3*v. Suppose j = -2*r + f + 3*f + 42, 2*r - 48 = f. What are the prime factors of r?
5
Suppose -5*c = -4*j - 128746, 4*j = -15*c + 12*c + 77222. Suppose 6*l - 20*l + c = 0. List the prime factors of l.
3, 613
Suppose 0 = -5*w + 5*p + 730, 12 = -0*p + 4*p. What are the prime factors of w?
149
What are the prime factors of 1622/((3 + 2 - (-14 - -13)) + -4)?
811
Let x(s) = 2757*s - 42. What are the prime factors of x(1)?
3, 5, 181
Suppose -667*n + 653*n - 42554 = -370014. List the prime factors of n.
2, 5, 2339
Let g be 4/(-14) - (60/35 - 2). Suppose g = 3*w - 46 - 65. Suppose 156 = w*t - 33*t. List the prime factors of t.
3, 13
Let a(q) be the first derivative of -q**4/4 - 5*q**3/3 - 2*q**2 - 6*q + 7. Let t be a(-2). What are the prime factors of (t/3)/((-60)/4590)?
3, 5, 17
Suppose 10*l - 4643 = 457. Suppose 2562 = 18*q + l. What are the prime factors of q?
2, 3, 19
Let k(h) = h**3 - h**2 + h. Let w(t) = 4*t**3 - 2*t**2 + t - 3. Let r(m) = -3*k(m) + w(m). Let j be r(-2). What are the prime factors of ((-210)/j)/(2 + -1)?
2, 5, 7
Suppose 32*i + 103*i - 1870020 = 0. What are the prime factors of i?
2, 3463
What are the prime factors of 164344/6 + (-8)/(-144)*-12?
2, 3, 5, 11, 83
Let s be (-4)/(-14) - 1848/(-49). Let p = -17 + 41. Suppose -s = -2*u - 2*k, -2*u + p = -5*k - 21. List the prime factors of u.
2, 5
Suppose v = 3*v - a - 3, -6 = -5*v + 2*a. Suppose s - 22*s + 3570 = v. List the prime factors of s.
2, 5, 17
What are the prime factors of (-575339)/(-38) - 16/(-32)?
3, 7, 103
Let p be (1 - -4) + (-5 - 10). Let c(b) = -b**2 - 19*b + 3. Let g be c(p). Suppose -11 = -4*i + 5*t + g, -4*i + 112 = -3*t. What are the prime factors of i?
31
Let c be (2*(-3)/(-6))/(2/10). Let s be (-5 - (-15)/c) + 132. Let i = 28 + s. List the prime factors of i.
2, 79
Suppose -232*m - 136*m + 7921200 = 0. List the prime factors of m.
3, 5, 7, 41
Let y(p) = -3*p + 26. Let m be y(8). Suppose -g + 3*j = -m*g + 4, 4*j = 4. List the prime factors of (0 - -3)/(4/(g + 3)).
3
Let y(x) = -20*x + 5. Let l be y(1). Let f(p) = p**2 - 20*p - 98. What are the prime factors of f(l)?
7, 61
Let l(u) = -10*u**2 - 10*u - 6. Let s be l(11). Let t = s + 2596. What are the prime factors of t?
2, 5, 127
Let y(b) = 273*b - 11242. What are the prime factors of y(54)?
2, 5, 7
Suppose 24*j + 38474 = 3*v + 25*j, -25671 = -2*v + 21*j. List the prime factors of v.
3, 5, 19
Suppose 4*y - 19 = -4*p + 17, -2*p = y - 14. Let r(q) = 139*q + 72. What are the prime factors of r(p)?
13, 59
Suppose 3*x + 42 = 2*l, 28 = -3*x - l - 14. Let s = x + -8. Let q = s - -179. What are the prime factors of q?
157
Let v(k) = k**2 + 79*k + 718. List the prime factors of v(-82).
2, 241
Let y be (6/4)/((-2)/(-4)). Suppose -2*p + 5*s + 2860 = 0, y*p - 20*s + 25*s - 4290 = 0. List the prime factors of p.
2, 5, 11, 13
Let h(u) = u - 8. Let o = -61 - -64. Let l be h(o). List the prime factors of (3 - 2) + 10/(-25)*l.
3
Let w(u) = -u**3 + 7*u**2 + 7*u + 11. Let s be w(8). Suppose -5*z - 3 = c + 19, 5*c = -s*z. What are the prime factors of 1/z - (352/(-10) - -2)?
3, 11
Let i = 10996 + -7220. What are the prime factors of i?
2, 59
Let q = -304 - 251. Let c = q + 1496. List the prime factors of c.
941
Suppose 30699 = 95*t + 32*t - 1142273. List the prime factors of t.
2, 2309
Let l be 3/(-2)*2 - (0 + -30). Let k = 19 - l. Let y(s) = -s**3 - 10*s**2 - 18*s + 9. List the prime factors of y(k).
5
Let b(o) = -o**3 - o**2 + 2*o + 25. Let k be b(0). Suppose 3*n + k = 13. List the prime factors of n/6 + (-325)/(-15).
3, 7
Suppose 5*p = 4*p + 78. Suppose 180 = -6*c + c. Let y = c + p. List the prime factors of y.
2, 3, 7
Suppose -32*u + 49*u - 102 = 0. Suppose u*p = -699 + 5625. What are the prime factors of p?
821
Suppose -8*c - 40 = -16*c. Suppose -4*n - 10 = -3*q, 0*n + c*n - 5*q + 10 = 0. Let x(r) = -3*r**3 + 11*r + 4. What are the prime factors of x(n)?
2, 19
Let d be ((11 - 0) + -6)*1. Suppose -15 = -d*l, 4*l = 3*z - 187 - 32. List the prime factors of z.
7, 11
Let n(c) = c**3 + 11*c**2 - 15*c + 9. Suppose 20*v - 15*v - 5 = 0. Let a be v + 77/(-6) + (-33)/198. What are the prime factors of n(a)?
3, 5
Let w(t) = 3917*t**2 + 246*t - 35. List the prime factors of w(-4).
3, 20551
Let q = 135 + -93. Let v = q + -38. List the prime factors of (-78)/v*10/(-3).
5, 13
Let p = -109 + 46. What are the prime factors of (414/24)/1*(1 - p)?
2, 3, 23
Let z(y) = 3*y + 2*y**3 - y**3 + 2 + 1 + 12*y**2. Suppose 5*h + 66 = -h. List the prime factors of z(h).
7, 13
Let j be (5 - (78 + 7))*(-12)/(-10). Let m be (0 + 2)/((-4)/j). What are the prime factors of (m/32)/(1/24)?
2, 3
Suppose -361 = o + u, 3*o = -3*u + u - 1088. Let c = 923 + o. List the prime factors of c.
557
Suppose -4*r - 3*c + 31 = -0*c, -5*r + 3*c = -5. Let a(o) = 16*o**2 + 7*o - 22. List the prime factors of a(r).
2, 131
Let m = -146 - -150. Suppose -48 = m*p - 3*u, -4*u - 42 = 2*p - u. Let v(q) = q**3 + 16*q**2 - 4*q + 26. List the prime factors of v(p).
311
Let r(t) = t - 3*t**2 + 9*t + 1 + 4 + 2*t**2. Let v be r(16). Let n = 110 - v. What are the prime factors of n?
3, 67
Let u(w) = -5*w - 84. Let o be u(-16). List the prime factors of (0 - 3)/(o + 931/233).
3, 233
Suppose -31*l + 149820 = -109061. What are the prime factors of l?
7, 1193
Suppose 3*q = -9, m + 2*q + 7 = 6. Suppose -j - 1107 = -m*d, -3*d + j + 2*j = -657. What are the prime factors of d?
2, 3, 37
Let b = 70 + -86. Let a = -4 + -7. Let y = a - b. List the prime factors of y.
5
List the prime factors of (46/4 - 10)*((-48842)/(-3) - 0).
24421
Suppose 2*y + 968 = 5*q, 2454 = -5*y - 8*q + 12*q. Let x = 662 + y. List the prime factors of x.
2, 3, 7
Suppose -7*m + 20 = 6. Let a = m + -26. List the prime factors of 4*(-3)/a*254.
127
Let r(f) = 33*f - 118. Let m be r(-5). Let q = m - -753. What are the prime factors of q?
2, 5, 47
List the prime factors of (-3)/1*4*18652/(-48).
4663
Let g = -13 - -20. Let a(h) be the third derivative of 23*h**4/24 + 4*h**3/3 - 7*h**2. What are the prime factors of a(g)?
13
Let i = 13933 - -29927. What are the prime factors of i/75 - 1/(-5)?
3, 5, 13
Let p(z) = -z - 5. Let y be p(-10). Suppose -t + 2*b + y = -7, -5*b = -t. Suppose 3*v = 7*v + t, 0 = -5*l + 5*v + 155. What are the prime factors of l?
2, 13
Let g = 1894 + -1733. What are the prime factors of g?
7, 23
Suppose 7*y - 19247 = -0*y + 2481. List the prime factors of y.
2, 97
Suppose 5*t + z - 21892 = 0, 4*t - 7*z = 20458 - 2921. List the prime factors of t.
29, 151
Suppose -13*p = -131 + 79. Suppose 5*r + 2*d - 4246 = 0, -r = -p*r + 3*d + 2556. What are the prime factors of r?
2, 5, 17
Suppose 0 = 5*h + 4*l - 338 - 19, -129 = -2*h + 3*l. Let g be 3/(((-6)/(-3))/(-4)). List the prime factors of 2/((-18)/h)*g.
2, 23
Let v(c) = -6*c**2 - 11*c + 9. Let j be v(-3). Le